thousands digit of 2776489?
6
What is the tens digit of 439492?
9
What is the hundreds digit of 5545?
5
What is the hundred thousands digit of 1241006?
2
What is the thousands digit of 267343?
7
What is the thousands digit of 113426?
3
What is the units digit of 805?
5
What is the units digit of 2057778?
8
What is the thousands digit of 254822?
4
What is the thousands digit of 787252?
7
What is the ten thousands digit of 1349127?
4
What is the thousands digit of 1126531?
6
What is the tens digit of 361177?
7
What is the tens digit of 34189?
8
What is the thousands digit of 387832?
7
What is the hundred thousands digit of 17410095?
4
What is the units digit of 276935?
5
What is the units digit of 130479?
9
What is the tens digit of 462924?
2
What is the ten thousands digit of 327065?
2
What is the millions digit of 3082760?
3
What is the ten thousands digit of 14463?
1
What is the tens digit of 76870?
7
What is the hundred thousands digit of 176476?
1
What is the tens digit of 621696?
9
What is the units digit of 392527?
7
What is the hundreds digit of 10369968?
9
What is the hundred thousands digit of 7648197?
6
What is the hundreds digit of 5743705?
7
What is the hundred thousands digit of 908350?
9
What is the tens digit of 40662?
6
What is the thousands digit of 218097?
8
What is the hundred thousands digit of 8143916?
1
What is the hundred thousands digit of 1372324?
3
What is the units digit of 228892?
2
What is the tens digit of 4872514?
1
What is the thousands digit of 7521?
7
What is the hundred thousands digit of 420325?
4
What is the thousands digit of 1057181?
7
What is the hundreds digit of 3439?
4
What is the units digit of 65941?
1
What is the thousands digit of 2846706?
6
What is the ten thousands digit of 2558622?
5
What is the thousands digit of 576680?
6
What is the hundreds digit of 4528272?
2
What is the hundreds digit of 5130556?
5
What is the ten thousands digit of 333312?
3
What is the tens digit of 406028?
2
What is the hundreds digit of 418265?
2
What is the hundreds digit of 825231?
2
What is the tens digit of 20210406?
0
What is the units digit of 17086567?
7
What is the hundreds digit of 1402591?
5
What is the hundred thousands digit of 1478546?
4
What is the tens digit of 165649?
4
What is the thousands digit of 320447?
0
What is the ten thousands digit of 233492?
3
What is the units digit of 619803?
3
What is the millions digit of 2675673?
2
What is the thousands digit of 25415264?
5
What is the thousands digit of 314598?
4
What is the ten millions digit of 12711830?
1
What is the hundreds digit of 6830872?
8
What is the hundreds digit of 669360?
3
What is the tens digit of 2195231?
3
What is the hundreds digit of 238811?
8
What is the millions digit of 7211993?
7
What is the units digit of 6498702?
2
What is the hundred thousands digit of 1492164?
4
What is the ten thousands digit of 19315619?
1
What is the thousands digit of 374419?
4
What is the tens digit of 838577?
7
What is the hundreds digit of 845717?
7
What is the tens digit of 7848042?
4
What is the hundreds digit of 683088?
0
What is the hundreds digit of 396689?
6
What is the hundreds digit of 382028?
0
What is the ten thousands digit of 329827?
2
What is the hundreds digit of 102692?
6
What is the tens digit of 115065?
6
What is the hundreds digit of 100274?
2
What is the hundreds digit of 1915036?
0
What is the thousands digit of 222609?
2
What is the thousands digit of 23521554?
1
What is the ten thousands digit of 55990?
5
What is the tens digit of 433119?
1
What is the ten thousands digit of 22136353?
3
What is the ten thousands digit of 561947?
6
What is the hundreds digit of 75086?
0
What is the thousands digit of 21259?
1
What is the millions digit of 2100355?
2
What is the tens digit of 8354890?
9
What is the units digit of 7167509?
9
What is the units digit of 350446?
6
What is the units digit of 16178697?
7
What is the ten thousands digit of 1529737?
2
What is the tens digit of 940498?
9
What is the hundreds digit of 6612596?
5
What is the tens digit of 3917349?
4
What is the hundred thousands digit of 134331?
1
What is the millions digit of 5118366?
5
What is the thousands digit of 1373191?
3
What is the hundreds digit of 99831?
8
What is the millions digit of 1015635?
1
What is the millions digit of 3489701?
3
What is the hundreds digit of 701528?
5
What is the thousands digit of 191726?
1
What is the hundred thousands digit of 506673?
5
What is the hundred thousands digit of 32230139?
2
What is the units digit of 1009204?
4
What is the hundred thousands digit of 450464?
4
What is the hundred thousands digit of 651986?
6
What is the hundred thousands digit of 367870?
3
What is the thousands digit of 508646?
8
What is the hundred thousands digit of 541240?
5
What is the tens digit of 205115?
1
What is the hundreds digit of 1352542?
5
What is the thousands digit of 503292?
3
What is the millions digit of 4015978?
4
What is the ten thousands digit of 77671?
7
What is the hundred thousands digit of 1070821?
0
What is the units digit of 908267?
7
What is the thousands digit of 141639?
1
What is the ten millions digit of 11558142?
1
What is the hundred thousands digit of 336225?
3
What is the tens digit of 6558039?
3
What is the hundreds digit of 2172010?
0
What is the ten thousands digit of 22078749?
7
What is the hundreds digit of 3492361?
3
What is the hundred thousands digit of 2538945?
5
What is the units digit of 10997973?
3
What is the units digit of 3392579?
9
What is the hundreds digit of 1427893?
8
What is the tens digit of 704425?
2
What is the hundreds digit of 3174848?
8
What is the thousands digit of 273125?
3
What is the tens digit of 63973?
7
What is the ten thousands digit of 2696409?
9
What is the units digit of 531033?
3
What is the ten thousands digit of 606107?
0
What is the hundreds digit of 569759?
7
What is the hundreds digit of 2089170?
1
What is the millions digit of 1996043?
1
What is the thousands digit of 21347643?
7
What is the ten thousands digit of 6164892?
6
What is the tens digit of 157144?
4
What is the thousands digit of 384106?
4
What is the units digit of 4046967?
7
What is the units digit of 25843166?
6
What is the millions digit of 4469699?
4
What is the thousands digit of 2055981?
5
What is the tens digit of 15964528?
2
What is the hundreds digit of 3674125?
1
What is the ten thousands digit of 12478107?
7
What is the millions digit of 4766312?
4
What is the hundreds digit of 20445715?
7
What is the hundreds digit of 49518?
5
What is the hundreds digit of 29620642?
6
What is the tens digit of 4523340?
4
What is the millions digit of 1030587?
1
What is the hundreds digit of 1111656?
6
What is the units digit of 82887?
7
What is the hundreds digit of 900382?
3
What is the units digit of 367648?
8
What is the millions digit of 6441373?
6
What is the hundred thousands digit of 440699?
4
What is the hundred thousands digit of 26660059?
6
What is the ten thousands digit of 2457727?
5
What is the hundreds digit of 145686?
6
What is the hundreds digit of 651092?
0
What is the units digit of 83063?
3
What is the thousands digit of 874779?
4
What is the tens digit of 208819?
1
What is the ten thousands digit of 89200?
8
What is the millions digit of 1754087?
1
What is the tens digit of 2628853?
5
What is the tens digit of 798688?
8
What is the millions digit of 1152660?
1
What is the units digit of 11017709?
9
What is the units digit of 578388?
8
What is the hundreds digit of 14962062?
0
What is the units digit of 5755039?
9
What is the thousands digit of 914672?
4
What is the units digit of 359169?
9
What is the hundred thousands digit of 1454278?
4
What is the tens digit of 4537250?
5
What is the hundreds digit of 729298?
2
What is the millions digit of 17595223?
7
What is the hundred thousands digit of 2630386?
6
What is the ten thousands digit of 210657?
1
What is the hundreds digit of 1172365?
3
What is the thousands digit of 2698959?
8
What is the ten thousands digit of 839202?
3
What is the units digit of 219651?
1
What is the ten thousands digit of 12383892?
8
What is the ten thousands digit of 4610232?
1
What is the thousands digit of 6625695?
5
What is the units digit of 331842?
2
What is the hundred